Calculate the remainder when 19557 is divided by 60.
57
What is the remainder when 21431 is divided by 584?
407
Calculate the remainder when 50145 is divided by 3846.
147
Calculate the remainder when 3364 is divided by 241.
231
What is the remainder when 555 is divided by 73?
44
What is the remainder when 5323 is divided by 1024?
203
Calculate the remainder when 12597 is divided by 6187.
223
What is the remainder when 6761 is divided by 115?
91
What is the remainder when 60196 is divided by 762?
760
Calculate the remainder when 466 is divided by 191.
84
What is the remainder when 5499 is divided by 563?
432
Calculate the remainder when 73230 is divided by 57.
42
What is the remainder when 1491 is divided by 172?
115
Calculate the remainder when 20272 is divided by 52.
44
Calculate the remainder when 106707 is divided by 156.
3
What is the remainder when 2247 is divided by 51?
3
What is the remainder when 550561 is divided by 22?
11
Calculate the remainder when 116160 is divided by 2833.
7
Calculate the remainder when 37554 is divided by 329.
48
What is the remainder when 17517 is divided by 2134?
445
What is the remainder when 11967 is divided by 307?
301
Calculate the remainder when 6980 is divided by 996.
8
Calculate the remainder when 2199 is divided by 2038.
161
Calculate the remainder when 6855 is divided by 19.
15
What is the remainder when 4941 is divided by 971?
86
Calculate the remainder when 9609 is divided by 16.
9
Calculate the remainder when 812139 is divided by 18.
15
Calculate the remainder when 50230 is divided by 44.
26
Calculate the remainder when 101023 is divided by 287.
286
What is the remainder when 4304 is divided by 205?
204
Calculate the remainder when 2518 is divided by 80.
38
Calculate the remainder when 18487 is divided by 377.
14
What is the remainder when 1726 is divided by 257?
184
Calculate the remainder when 10032 is divided by 239.
233
What is the remainder when 23187 is divided by 475?
387
Calculate the remainder when 599061 is divided by 35238.
15
What is the remainder when 10626 is divided by 1771?
0
Calculate the remainder when 28109 is divided by 152.
141
Calculate the remainder when 1111 is divided by 163.
133
Calculate the remainder when 43879 is divided by 77.
66
Calculate the remainder when 95692 is divided by 20.
12
What is the remainder when 86162 is divided by 85?
57
Calculate the remainder when 17177 is divided by 4169.
501
Calculate the remainder when 154970 is divided by 205.
195
What is the remainder when 11268 is divided by 3750?
18
What is the remainder when 3529 is divided by 172?
89
What is the remainder when 4014 is divided by 134?
128
Calculate the remainder when 63533 is divided by 23.
7
Calculate the remainder when 20636 is divided by 48.
44
Calculate the remainder when 8459 is divided by 56.
3
Calculate the remainder when 191341 is divided by 431.
408
What is the remainder when 296483 is divided by 103?
49
What is the remainder when 54575 is divided by 69?
65
What is the remainder when 14317 is divided by 434?
429
Calculate the remainder when 6939 is divided by 3396.
147
What is the remainder when 1847 is divided by 1820?
27
What is the remainder when 3689399 is divided by 13?
12
What is the remainder when 91194 is divided by 35?
19
Calculate the remainder when 778422 is divided by 107.
104
Calculate the remainder when 7973 is divided by 1992.
5
Calculate the remainder when 9787 is divided by 28.
15
Calculate the remainder when 3675 is divided by 1031.
582
What is the remainder when 13132 is divided by 1323?
1225
Calculate the remainder when 84428 is divided by 34.
6
What is the remainder when 867 is divided by 40?
27
What is the remainder when 44171 is divided by 4006?
105
What is the remainder when 1245 is divided by 125?
120
Calculate the remainder when 17319 is divided by 284.
279
Calculate the remainder when 143471 is divided by 14344.
31
What is the remainder when 110677 is divided by 36885?
22
Calculate the remainder when 27039 is divided by 102.
9
Calculate the remainder when 1069439 is divided by 267355.
19
Calculate the remainder when 920 is divided by 116.
108
Calculate the remainder when 6650 is divided by 173.
76
Calculate the remainder when 57699 is divided by 3391.
52
What is the remainder when 4957 is divided by 385?
337
Calculate the remainder when 213836 is divided by 594.
590
Calculate the remainder when 2047971 is divided by 30.
21
Calculate the remainder when 2915170 is divided by 18.
16
Calculate the remainder when 542257 is divided by 1264.
1
Calculate the remainder when 2446 is divided by 48.
46
What is the remainder when 4757 is divided by 367?
353
What is the remainder when 51764 is divided by 155?
149
Calculate the remainder when 3689 is divided by 22.
15
What is the remainder when 9679 is divided by 4839?
1
What is the remainder when 12821 is divided by 6?
5
Calculate the remainder when 432232 is divided by 99.
97
Calculate the remainder when 12306 is divided by 556.
74
Calculate the remainder when 8391 is divided by 8.
7
Calculate the remainder when 3845 is divided by 3786.
59
What is the remainder when 226970 is divided by 358?
356
Calculate the remainder when 17155 is divided by 2141.
27
What is the remainder when 3492 is divided by 442?
398
What is the remainder when 10351 is divided by 4803?
745
What is the remainder when 1366 is divided by 1269?
97
What is the remainder when 133183 is divided by 147?
1
Calculate the remainder when 73063 is divided by 36.
19
Calculate the remainder when 244213 is divided by 35.
18
Calculate the remainder when 3942 is divided by 60.
42
What is the remainder when 8144 is divided by 1?
0
What is the remainder when 712 is divided by 131?
57
What is the remainder when 1673 is divided by 769?
135
What is the remainder when 7996 is divided by 807?
733
What is the remainder when 6708 is divided by 175?
58
What is the remainder when 50198 is divided by 220?
38
Calculate the remainder when 5935 is divided by 1174.
65
What is the remainder when 519492 is divided by 177?
174
What is the remainder when 826 is divided by 237?
115
Calculate the remainder when 884547 is divided by 147421.
21
Calculate the remainder when 19796 is divided by 20.
16
What is the remainder when 10770 is divided by 29?
11
Calculate the remainder when 1253 is divided by 168.
77
What is the remainder when 19818 is divided by 10?
8
Calculate the remainder when 100256 is divided by 20.
16
What is the remainder when 12204 is divided by 220?
104
Calculate the remainder when 26365 is divided by 628.
617
Calculate the remainder when 719820 is divided by 51.
6
Calculate the remainder when 1900 is divided by 162.
118
Calculate the remainder when 8346 is divided by 137.
126
Calculate the remainder when 14040 is divided by 1425.
1215
Calculate the remainder when 10179 is divided by 117.
0
What is the remainder when 2473 is divided by 1?
0
Calculate the remainder when 4588 is divided by 177.
163
What is the remainder when 120680 is divided by 229?
226
Calculate the remainder when 16704 is divided by 383.
235
What is the remainder when 546 is divided by 99?
51
Calculate the remainder when 1293689 is divided by 19.
17
What is the remainder when 3044 is divided by 250?
44
What is the remainder when 2759 is divided by 1335?
89
What is the remainder when 5615 is divided by 431?
12
Calculate the remainder when 2291 is divided by 173.
42
What is the remainder when 68575 is divided by 231?
199
What is the remainder when 4264 is divided by 530?
24
Calculate the remainder when 138842 is divided by 422.
4
Calculate the remainder when 5755 is divided by 102.
43
Calculate the remainder when 1126544 is divided by 122.
118
What is the remainder when 2066080 is divided by 49?
44
What is the remainder when 15892 is divided by 2267?
23
What is the remainder when 9291 is divided by 301?
261
What is the remainder when 2099 is divided by 1066?
1033
What is the remainder when 4156 is divided by 2071?
14
Calculate the remainder when 48982 is divided by 40.
22
What is the remainder when 69303 is divided by 23068?
99
What is the remainder when 455402 is divided by 546?
38
What is the remainder when 32850 is divided by 18?
0
What is the remainder when 8121 is divided by 2029?
5
Calculate the